{"id":4911,"date":"2020-09-28T10:33:30","date_gmt":"2020-09-28T10:33:30","guid":{"rendered":"https:\/\/demo2wpopal.b-cdn.net\/shopic\/?page_id=4911"},"modified":"2023-02-16T15:23:05","modified_gmt":"2023-02-16T15:23:05","slug":"rreth-nesh","status":"publish","type":"page","link":"https:\/\/fredicomputers.al\/index.php\/rreth-nesh\/","title":{"rendered":"Rreth Nesh"},"content":{"rendered":"\t\t<div data-elementor-type=\"wp-page\" data-elementor-id=\"4911\" class=\"elementor elementor-4911\">\n\t\t\t\t\t\t<div class=\"elementor-section elementor-top-section elementor-element elementor-element-eb2f95f elementor-section-stretched elementor-section-boxed elementor-section-height-default elementor-section-height-default\" data-id=\"eb2f95f\" data-element_type=\"section\" data-e-type=\"section\" data-settings=\"{&quot;stretch_section&quot;:&quot;section-stretched&quot;}\">\n\t\t\t\t\t\t<div class=\"elementor-container elementor-column-gap-no\">\n\t\t\t\t\t<div class=\"elementor-column elementor-col-50 elementor-top-column elementor-element elementor-element-3bddd3a\" data-id=\"3bddd3a\" data-element_type=\"column\" data-e-type=\"column\">\n\t\t\t<div class=\"elementor-widget-wrap elementor-element-populated\">\n\t\t\t\t\t\t<div class=\"elementor-element elementor-element-0d44196 elementor-invisible elementor-widget elementor-widget-image\" data-id=\"0d44196\" data-element_type=\"widget\" data-e-type=\"widget\" data-settings=\"{&quot;_animation&quot;:&quot;slideInLeft&quot;}\" data-widget_type=\"image.default\">\n\t\t\t\t\t\t\t\t\t\t\t\t\t\t\t<img decoding=\"async\" src=\"https:\/\/fredicomputers.al\/wp-content\/uploads\/2023\/02\/Untitled-design-16.png\" title=\"\" alt=\"\" loading=\"lazy\" \/>\t\t\t\t\t\t\t\t\t\t\t\t\t\t\t<\/div>\n\t\t\t\t\t<\/div>\n\t\t<\/div>\n\t\t\t\t<div class=\"elementor-column elementor-col-50 elementor-top-column elementor-element elementor-element-93e651b\" data-id=\"93e651b\" data-element_type=\"column\" data-e-type=\"column\">\n\t\t\t<div class=\"elementor-widget-wrap elementor-element-populated\">\n\t\t\t\t\t\t<div class=\"elementor-element elementor-element-a8ec801 elementor-invisible elementor-widget elementor-widget-heading\" data-id=\"a8ec801\" data-element_type=\"widget\" data-e-type=\"widget\" data-settings=\"{&quot;_animation&quot;:&quot;slideInRight&quot;}\" data-widget_type=\"heading.default\">\n\t\t\t\t\t<h2 class=\"elementor-heading-title elementor-size-default\">Ju nuk po blini vet\u00ebm nj\u00eb kompjuter, por po blini nj\u00eb m\u00ebnyr\u00eb krejt\u00ebsisht t\u00eb re jetese.<\/h2>\t\t\t\t<\/div>\n\t\t\t\t<div class=\"elementor-element elementor-element-705b52e elementor-invisible elementor-widget elementor-widget-text-editor\" data-id=\"705b52e\" data-element_type=\"widget\" data-e-type=\"widget\" data-settings=\"{&quot;_animation&quot;:&quot;slideInRight&quot;}\" data-widget_type=\"text-editor.default\">\n\t\t\t\t\t\t\t\t\t<div id=\"tw-target-text-container\" class=\"tw-ta-container F0azHf tw-nfl\" tabindex=\"0\"><div id=\"tw-target-text-container\" class=\"tw-ta-container F0azHf tw-nfl\" tabindex=\"0\"><p id=\"tw-target-text\" class=\"tw-data-text tw-text-large tw-ta\" dir=\"ltr\" data-placeholder=\"Translation\"><span class=\"Y2IQFc\" lang=\"sq\">Ne ofrojm\u00eb nj\u00eb gam\u00eb t\u00eb gjer\u00eb produktesh p\u00ebr t\u00eb p\u00ebrmbushur nevojat tuaja, duke p\u00ebrfshir\u00eb laptop\u00eb, desktop, monitor\u00eb dhe m\u00eb shum\u00eb.<\/span><\/p><\/div><\/div>\t\t\t\t\t\t\t\t<\/div>\n\t\t\t\t<div class=\"elementor-element elementor-element-f9b0001 elementor-invisible elementor-widget elementor-widget-text-editor\" data-id=\"f9b0001\" data-element_type=\"widget\" data-e-type=\"widget\" data-settings=\"{&quot;_animation&quot;:&quot;slideInRight&quot;}\" data-widget_type=\"text-editor.default\">\n\t\t\t\t\t\t\t\t\t<p id=\"tw-target-text\" class=\"tw-data-text tw-text-large tw-ta\" dir=\"ltr\" data-placeholder=\"Translation\"><span class=\"Y2IQFc\" lang=\"sq\">Misioni yn\u00eb \u00ebsht\u00eb i thjesht\u00eb: t&#8217;ju ndihmojm\u00eb t\u00eb shfryt\u00ebzoni sa m\u00eb shum\u00eb \u00e7do moment n\u00eb jet\u00ebn tuaj duke u siguruar q\u00eb t\u00eb keni akses n\u00eb mjetet m\u00eb t\u00eb mira p\u00ebr \u00e7far\u00ebdo q\u00ebllimi q\u00eb mund t&#8217;i p\u00ebrdorni. Ne duam t&#8217;ju japim m\u00eb shum\u00eb koh\u00eb p\u00ebr at\u00eb q\u00eb \u00ebsht\u00eb e r\u00ebnd\u00ebsishme, me nj\u00eb kompjuter mjaft t\u00eb shpejt\u00eb p\u00ebr t\u00eb vazhduar me \u00e7do gj\u00eb tjet\u00ebr q\u00eb po ndodh rreth tij!<\/span><\/p>\t\t\t\t\t\t\t\t<\/div>\n\t\t\t\t\t<\/div>\n\t\t<\/div>\n\t\t\t\t\t<\/div>\n\t\t<\/div>\n\t\t\t\t<div class=\"elementor-section elementor-top-section elementor-element elementor-element-ffe654d elementor-section-height-min-height elementor-section-stretched elementor-section-boxed elementor-section-height-default elementor-section-items-middle\" data-id=\"ffe654d\" data-element_type=\"section\" data-e-type=\"section\" data-settings=\"{&quot;stretch_section&quot;:&quot;section-stretched&quot;,&quot;background_background&quot;:&quot;classic&quot;}\">\n\t\t\t\t\t\t\t<div class=\"elementor-background-overlay\"><\/div>\n\t\t\t\t\t\t\t<div class=\"elementor-container elementor-column-gap-no\">\n\t\t\t\t\t<div class=\"elementor-column elementor-col-100 elementor-top-column elementor-element elementor-element-c28c9cb\" data-id=\"c28c9cb\" data-element_type=\"column\" data-e-type=\"column\">\n\t\t\t<div class=\"elementor-widget-wrap elementor-element-populated\">\n\t\t\t\t\t\t<div class=\"elementor-element elementor-element-adb2163 elementor-widget elementor-widget-heading\" data-id=\"adb2163\" data-element_type=\"widget\" data-e-type=\"widget\" data-widget_type=\"heading.default\">\n\t\t\t\t\t<h2 class=\"elementor-heading-title elementor-size-default\"><br><br><br><br>Gjith\u00e7ka q\u00eb ju nevojitet gjendet tek ne.\n\n<br><br><br><br><br><br><br><br><br><\/h2>\t\t\t\t<\/div>\n\t\t\t\t\t<\/div>\n\t\t<\/div>\n\t\t\t\t\t<\/div>\n\t\t<\/div>\n\t\t\t\t<div class=\"elementor-section elementor-top-section elementor-element elementor-element-0bd8510 elementor-section-stretched elementor-section-boxed elementor-section-height-default elementor-section-height-default\" data-id=\"0bd8510\" data-element_type=\"section\" data-e-type=\"section\" data-settings=\"{&quot;stretch_section&quot;:&quot;section-stretched&quot;}\">\n\t\t\t\t\t\t<div class=\"elementor-container elementor-column-gap-no\">\n\t\t\t\t\t<div class=\"elementor-column elementor-col-25 elementor-top-column elementor-element elementor-element-7f0e84a\" data-id=\"7f0e84a\" data-element_type=\"column\" data-e-type=\"column\" data-settings=\"{&quot;background_background&quot;:&quot;classic&quot;}\">\n\t\t\t<div class=\"elementor-widget-wrap elementor-element-populated\">\n\t\t\t\t\t\t<div class=\"elementor-element elementor-element-3ad60a9 elementor-widget elementor-widget-counter\" data-id=\"3ad60a9\" data-element_type=\"widget\" data-e-type=\"widget\" data-widget_type=\"counter.default\">\n\t\t\t\t\t\t\t<div class=\"elementor-counter\">\n\t\t\t<div class=\"elementor-counter-title\">Produkte<\/div>\t\t\t<div class=\"elementor-counter-number-wrapper\">\n\t\t\t\t<span class=\"elementor-counter-number-prefix\"><\/span>\n\t\t\t\t<span class=\"elementor-counter-number\" data-duration=\"2000\" data-to-value=\"100\" data-from-value=\"0\">0<\/span>\n\t\t\t\t<span class=\"elementor-counter-number-suffix\">+<\/span>\n\t\t\t<\/div>\n\t\t<\/div>\n\t\t\t\t\t\t<\/div>\n\t\t\t\t\t<\/div>\n\t\t<\/div>\n\t\t\t\t<div class=\"elementor-column elementor-col-25 elementor-top-column elementor-element elementor-element-aa258a7\" data-id=\"aa258a7\" data-element_type=\"column\" data-e-type=\"column\" data-settings=\"{&quot;background_background&quot;:&quot;classic&quot;}\">\n\t\t\t<div class=\"elementor-widget-wrap elementor-element-populated\">\n\t\t\t\t\t\t<div class=\"elementor-element elementor-element-1cf1def elementor-widget elementor-widget-counter\" data-id=\"1cf1def\" data-element_type=\"widget\" data-e-type=\"widget\" data-widget_type=\"counter.default\">\n\t\t\t\t\t\t\t<div class=\"elementor-counter\">\n\t\t\t<div class=\"elementor-counter-title\">Firma<\/div>\t\t\t<div class=\"elementor-counter-number-wrapper\">\n\t\t\t\t<span class=\"elementor-counter-number-prefix\"><\/span>\n\t\t\t\t<span class=\"elementor-counter-number\" data-duration=\"2000\" data-to-value=\"8\" data-from-value=\"0\">0<\/span>\n\t\t\t\t<span class=\"elementor-counter-number-suffix\">+<\/span>\n\t\t\t<\/div>\n\t\t<\/div>\n\t\t\t\t\t\t<\/div>\n\t\t\t\t\t<\/div>\n\t\t<\/div>\n\t\t\t\t<div class=\"elementor-column elementor-col-25 elementor-top-column elementor-element elementor-element-925fffe\" data-id=\"925fffe\" data-element_type=\"column\" data-e-type=\"column\" data-settings=\"{&quot;background_background&quot;:&quot;classic&quot;}\">\n\t\t\t<div class=\"elementor-widget-wrap elementor-element-populated\">\n\t\t\t\t\t\t<div class=\"elementor-element elementor-element-5e454b9 elementor-widget elementor-widget-counter\" data-id=\"5e454b9\" data-element_type=\"widget\" data-e-type=\"widget\" data-widget_type=\"counter.default\">\n\t\t\t\t\t\t\t<div class=\"elementor-counter\">\n\t\t\t<div class=\"elementor-counter-title\">Zyr\u00eb Shitjeje<\/div>\t\t\t<div class=\"elementor-counter-number-wrapper\">\n\t\t\t\t<span class=\"elementor-counter-number-prefix\"><\/span>\n\t\t\t\t<span class=\"elementor-counter-number\" data-duration=\"2000\" data-to-value=\"1\" data-from-value=\"0\">0<\/span>\n\t\t\t\t<span class=\"elementor-counter-number-suffix\"><\/span>\n\t\t\t<\/div>\n\t\t<\/div>\n\t\t\t\t\t\t<\/div>\n\t\t\t\t\t<\/div>\n\t\t<\/div>\n\t\t\t\t<div class=\"elementor-column elementor-col-25 elementor-top-column elementor-element elementor-element-026350d\" data-id=\"026350d\" data-element_type=\"column\" data-e-type=\"column\" data-settings=\"{&quot;background_background&quot;:&quot;classic&quot;}\">\n\t\t\t<div class=\"elementor-widget-wrap elementor-element-populated\">\n\t\t\t\t\t\t<div class=\"elementor-element elementor-element-67141a1 elementor-widget elementor-widget-counter\" data-id=\"67141a1\" data-element_type=\"widget\" data-e-type=\"widget\" data-widget_type=\"counter.default\">\n\t\t\t\t\t\t\t<div class=\"elementor-counter\">\n\t\t\t<div class=\"elementor-counter-title\">Aksesor\u00eb<\/div>\t\t\t<div class=\"elementor-counter-number-wrapper\">\n\t\t\t\t<span class=\"elementor-counter-number-prefix\"><\/span>\n\t\t\t\t<span class=\"elementor-counter-number\" data-duration=\"2000\" data-to-value=\"20\" data-from-value=\"0\">0<\/span>\n\t\t\t\t<span class=\"elementor-counter-number-suffix\">+<\/span>\n\t\t\t<\/div>\n\t\t<\/div>\n\t\t\t\t\t\t<\/div>\n\t\t\t\t\t<\/div>\n\t\t<\/div>\n\t\t\t\t\t<\/div>\n\t\t<\/div>\n\t\t\t\t<div class=\"elementor-section elementor-top-section elementor-element elementor-element-db83228 elementor-section-stretched elementor-section-boxed elementor-section-height-default elementor-section-height-default\" data-id=\"db83228\" data-element_type=\"section\" data-e-type=\"section\" data-settings=\"{&quot;stretch_section&quot;:&quot;section-stretched&quot;}\">\n\t\t\t\t\t\t<div class=\"elementor-container elementor-column-gap-no\">\n\t\t\t\t\t<div class=\"elementor-column elementor-col-100 elementor-top-column elementor-element elementor-element-065e079\" data-id=\"065e079\" data-element_type=\"column\" data-e-type=\"column\">\n\t\t\t<div class=\"elementor-widget-wrap elementor-element-populated\">\n\t\t\t\t\t\t<div class=\"elementor-element elementor-element-5b4730b elementor-widget elementor-widget-heading\" data-id=\"5b4730b\" data-element_type=\"widget\" data-e-type=\"widget\" data-widget_type=\"heading.default\">\n\t\t\t\t\t<h2 class=\"elementor-heading-title elementor-size-default\">Tek Ne P\u00ebrfitoni \n<br>\nMund\u00ebsin\u00eb p\u00ebr<\/h2>\t\t\t\t<\/div>\n\t\t\t\t<div class=\"elementor-section elementor-inner-section elementor-element elementor-element-36c17cd elementor-section-full_width elementor-section-height-default elementor-section-height-default\" data-id=\"36c17cd\" data-element_type=\"section\" data-e-type=\"section\">\n\t\t\t\t\t\t<div class=\"elementor-container elementor-column-gap-no\">\n\t\t\t\t\t<div class=\"elementor-column elementor-col-33 elementor-inner-column elementor-element elementor-element-ebf5ab0\" data-id=\"ebf5ab0\" data-element_type=\"column\" data-e-type=\"column\">\n\t\t\t<div class=\"elementor-widget-wrap elementor-element-populated\">\n\t\t\t\t\t\t<div class=\"elementor-element elementor-element-bd3b3fa elementor-vertical-align-top elementor-widget elementor-widget-image-box\" data-id=\"bd3b3fa\" data-element_type=\"widget\" data-e-type=\"widget\" data-widget_type=\"image-box.default\">\n\t\t\t\t\t<div class=\"elementor-image-box-wrapper\"><div class=\"elementor-image-box-content\"><h3 class=\"elementor-image-box-title\"><span style=\"color:#999\">01.<\/span> Transport Falas<\/h3><p class=\"elementor-image-box-description\">Ne besojm\u00eb se ju meritoni m\u00eb t\u00eb mir\u00ebn. Kjo \u00ebsht\u00eb arsyeja pse ne ofrojm\u00eb transport falas p\u00ebr t\u00eb gjitha produktet dhe sh\u00ebrbimet tona.\n<\/p><\/div><\/div>\t\t\t\t<\/div>\n\t\t\t\t\t<\/div>\n\t\t<\/div>\n\t\t\t\t<div class=\"elementor-column elementor-col-33 elementor-inner-column elementor-element elementor-element-cb7ac69\" data-id=\"cb7ac69\" data-element_type=\"column\" data-e-type=\"column\">\n\t\t\t<div class=\"elementor-widget-wrap elementor-element-populated\">\n\t\t\t\t\t\t<div class=\"elementor-element elementor-element-5e083d8 elementor-vertical-align-top elementor-widget elementor-widget-image-box\" data-id=\"5e083d8\" data-element_type=\"widget\" data-e-type=\"widget\" data-widget_type=\"image-box.default\">\n\t\t\t\t\t<div class=\"elementor-image-box-wrapper\"><div class=\"elementor-image-box-content\"><h3 class=\"elementor-image-box-title\"><span style=\"color:#999\">02.<\/span> Blerje Me K\u00ebste<\/h3><p class=\"elementor-image-box-description\">Ne mendojm\u00eb se klient\u00ebt tan\u00eb meritojn\u00eb m\u00eb t\u00eb mir\u00ebn dhe duam q\u00eb ata ta marrin at\u00eb\n\nKjo \u00ebsht\u00eb arsyeja pse ne ofrojm\u00eb opsione t\u00eb blerjes me k\u00ebste p\u00ebr t\u00eb gjitha produktet tona<\/p><\/div><\/div>\t\t\t\t<\/div>\n\t\t\t\t\t<\/div>\n\t\t<\/div>\n\t\t\t\t<div class=\"elementor-column elementor-col-33 elementor-inner-column elementor-element elementor-element-8646c48\" data-id=\"8646c48\" data-element_type=\"column\" data-e-type=\"column\">\n\t\t\t<div class=\"elementor-widget-wrap elementor-element-populated\">\n\t\t\t\t\t\t<div class=\"elementor-element elementor-element-d5af0de elementor-vertical-align-top elementor-widget elementor-widget-image-box\" data-id=\"d5af0de\" data-element_type=\"widget\" data-e-type=\"widget\" data-widget_type=\"image-box.default\">\n\t\t\t\t\t<div class=\"elementor-image-box-wrapper\"><div class=\"elementor-image-box-content\"><h3 class=\"elementor-image-box-title\"><span style=\"color:#999\">03.<\/span> Servis<\/h3><p class=\"elementor-image-box-description\">Ne ofrojm\u00eb mund\u00ebsin\u00eb p\u00ebr nj\u00eb sh\u00ebrbim kompjuterik pasi t\u00eb keni bler\u00eb produktet tona.\nN\u00ebse ka di\u00e7ka p\u00ebr t\u00eb cil\u00ebn keni nevoj\u00eb p\u00ebr ndihm\u00eb, shanset jan\u00eb t\u00eb mira q\u00eb stafi yn\u00eb ta ket\u00eb kaluar at\u00eb dhe mund t'ju p\u00ebrcjell\u00eb t\u00eb gjith\u00eb hapat e nevojsh\u00ebm p\u00ebr ta kuptuar at\u00eb.<\/p><\/div><\/div>\t\t\t\t<\/div>\n\t\t\t\t\t<\/div>\n\t\t<\/div>\n\t\t\t\t\t<\/div>\n\t\t<\/div>\n\t\t\t\t\t<\/div>\n\t\t<\/div>\n\t\t\t\t\t<\/div>\n\t\t<\/div>\n\t\t\t\t<\/div>\n\t\t","protected":false},"excerpt":{"rendered":"<p>Ju nuk po blini vet\u00ebm nj\u00eb kompjuter, por po blini nj\u00eb m\u00ebnyr\u00eb krejt\u00ebsisht t\u00eb re jetese. Ne ofrojm\u00eb nj\u00eb gam\u00eb t\u00eb gjer\u00eb produktesh p\u00ebr t\u00eb p\u00ebrmbushur nevojat tuaja, duke p\u00ebrfshir\u00eb laptop\u00eb, desktop, monitor\u00eb dhe m\u00eb shum\u00eb. Misioni yn\u00eb \u00ebsht\u00eb i thjesht\u00eb: t&#8217;ju ndihmojm\u00eb t\u00eb shfryt\u00ebzoni sa m\u00eb shum\u00eb \u00e7do moment n\u00eb jet\u00ebn tuaj duke u [&hellip;]<\/p>\n","protected":false},"author":1,"featured_media":0,"parent":0,"menu_order":0,"comment_status":"closed","ping_status":"closed","template":"elementor_header_footer","meta":{"inline_featured_image":false,"footnotes":""},"class_list":["post-4911","page","type-page","status-publish","hentry"],"yoast_head":"<!-- This site is optimized with the Yoast SEO plugin v27.5 - https:\/\/yoast.com\/product\/yoast-seo-wordpress\/ -->\n<title>Rreth Nesh - Shopic<\/title>\n<meta name=\"robots\" content=\"index, follow, max-snippet:-1, max-image-preview:large, max-video-preview:-1\" \/>\n<link rel=\"canonical\" href=\"https:\/\/fredicomputers.al\/index.php\/rreth-nesh\/\" \/>\n<meta property=\"og:locale\" content=\"en_US\" \/>\n<meta property=\"og:type\" content=\"article\" \/>\n<meta property=\"og:title\" content=\"Rreth Nesh - Shopic\" \/>\n<meta property=\"og:description\" content=\"Ju nuk po blini vet\u00ebm nj\u00eb kompjuter, por po blini nj\u00eb m\u00ebnyr\u00eb krejt\u00ebsisht t\u00eb re jetese. Ne ofrojm\u00eb nj\u00eb gam\u00eb t\u00eb gjer\u00eb produktesh p\u00ebr t\u00eb p\u00ebrmbushur nevojat tuaja, duke p\u00ebrfshir\u00eb laptop\u00eb, desktop, monitor\u00eb dhe m\u00eb shum\u00eb. Misioni yn\u00eb \u00ebsht\u00eb i thjesht\u00eb: t&#8217;ju ndihmojm\u00eb t\u00eb shfryt\u00ebzoni sa m\u00eb shum\u00eb \u00e7do moment n\u00eb jet\u00ebn tuaj duke u [&hellip;]\" \/>\n<meta property=\"og:url\" content=\"https:\/\/fredicomputers.al\/index.php\/rreth-nesh\/\" \/>\n<meta property=\"og:site_name\" content=\"Shopic\" \/>\n<meta property=\"article:modified_time\" content=\"2023-02-16T15:23:05+00:00\" \/>\n<meta property=\"og:image\" content=\"https:\/\/fredicomputers.al\/wp-content\/uploads\/2023\/02\/Untitled-design-16.png\" \/>\n<meta name=\"twitter:card\" content=\"summary_large_image\" \/>\n<meta name=\"twitter:label1\" content=\"Est. reading time\" \/>\n\t<meta name=\"twitter:data1\" content=\"1 minute\" \/>\n<script type=\"application\/ld+json\" class=\"yoast-schema-graph\">{\"@context\":\"https:\\\/\\\/schema.org\",\"@graph\":[{\"@type\":\"WebPage\",\"@id\":\"https:\\\/\\\/fredicomputers.al\\\/index.php\\\/rreth-nesh\\\/\",\"url\":\"https:\\\/\\\/fredicomputers.al\\\/index.php\\\/rreth-nesh\\\/\",\"name\":\"Rreth Nesh - Shopic\",\"isPartOf\":{\"@id\":\"https:\\\/\\\/fredicomputers.al\\\/#website\"},\"primaryImageOfPage\":{\"@id\":\"https:\\\/\\\/fredicomputers.al\\\/index.php\\\/rreth-nesh\\\/#primaryimage\"},\"image\":{\"@id\":\"https:\\\/\\\/fredicomputers.al\\\/index.php\\\/rreth-nesh\\\/#primaryimage\"},\"thumbnailUrl\":\"https:\\\/\\\/fredicomputers.al\\\/wp-content\\\/uploads\\\/2023\\\/02\\\/Untitled-design-16.png\",\"datePublished\":\"2020-09-28T10:33:30+00:00\",\"dateModified\":\"2023-02-16T15:23:05+00:00\",\"breadcrumb\":{\"@id\":\"https:\\\/\\\/fredicomputers.al\\\/index.php\\\/rreth-nesh\\\/#breadcrumb\"},\"inLanguage\":\"en-US\",\"potentialAction\":[{\"@type\":\"ReadAction\",\"target\":[\"https:\\\/\\\/fredicomputers.al\\\/index.php\\\/rreth-nesh\\\/\"]}]},{\"@type\":\"ImageObject\",\"inLanguage\":\"en-US\",\"@id\":\"https:\\\/\\\/fredicomputers.al\\\/index.php\\\/rreth-nesh\\\/#primaryimage\",\"url\":\"\",\"contentUrl\":\"\"},{\"@type\":\"BreadcrumbList\",\"@id\":\"https:\\\/\\\/fredicomputers.al\\\/index.php\\\/rreth-nesh\\\/#breadcrumb\",\"itemListElement\":[{\"@type\":\"ListItem\",\"position\":1,\"name\":\"Home\",\"item\":\"https:\\\/\\\/fredicomputers.al\\\/\"},{\"@type\":\"ListItem\",\"position\":2,\"name\":\"Rreth Nesh\"}]},{\"@type\":\"WebSite\",\"@id\":\"https:\\\/\\\/fredicomputers.al\\\/#website\",\"url\":\"https:\\\/\\\/fredicomputers.al\\\/\",\"name\":\"Shopic\",\"description\":\"Just another WordPress site\",\"publisher\":{\"@id\":\"https:\\\/\\\/fredicomputers.al\\\/#organization\"},\"potentialAction\":[{\"@type\":\"SearchAction\",\"target\":{\"@type\":\"EntryPoint\",\"urlTemplate\":\"https:\\\/\\\/fredicomputers.al\\\/?s={search_term_string}\"},\"query-input\":{\"@type\":\"PropertyValueSpecification\",\"valueRequired\":true,\"valueName\":\"search_term_string\"}}],\"inLanguage\":\"en-US\"},{\"@type\":\"Organization\",\"@id\":\"https:\\\/\\\/fredicomputers.al\\\/#organization\",\"name\":\"Shopic\",\"url\":\"https:\\\/\\\/fredicomputers.al\\\/\",\"logo\":{\"@type\":\"ImageObject\",\"inLanguage\":\"en-US\",\"@id\":\"https:\\\/\\\/fredicomputers.al\\\/#\\\/schema\\\/logo\\\/image\\\/\",\"url\":\"https:\\\/\\\/fredicomputers.al\\\/wp-content\\\/uploads\\\/2020\\\/09\\\/logo.svg\",\"contentUrl\":\"https:\\\/\\\/fredicomputers.al\\\/wp-content\\\/uploads\\\/2020\\\/09\\\/logo.svg\",\"width\":126,\"height\":42,\"caption\":\"Shopic\"},\"image\":{\"@id\":\"https:\\\/\\\/fredicomputers.al\\\/#\\\/schema\\\/logo\\\/image\\\/\"}}]}<\/script>\n<!-- \/ Yoast SEO plugin. -->","yoast_head_json":{"title":"Rreth Nesh - Shopic","robots":{"index":"index","follow":"follow","max-snippet":"max-snippet:-1","max-image-preview":"max-image-preview:large","max-video-preview":"max-video-preview:-1"},"canonical":"https:\/\/fredicomputers.al\/index.php\/rreth-nesh\/","og_locale":"en_US","og_type":"article","og_title":"Rreth Nesh - Shopic","og_description":"Ju nuk po blini vet\u00ebm nj\u00eb kompjuter, por po blini nj\u00eb m\u00ebnyr\u00eb krejt\u00ebsisht t\u00eb re jetese. Ne ofrojm\u00eb nj\u00eb gam\u00eb t\u00eb gjer\u00eb produktesh p\u00ebr t\u00eb p\u00ebrmbushur nevojat tuaja, duke p\u00ebrfshir\u00eb laptop\u00eb, desktop, monitor\u00eb dhe m\u00eb shum\u00eb. Misioni yn\u00eb \u00ebsht\u00eb i thjesht\u00eb: t&#8217;ju ndihmojm\u00eb t\u00eb shfryt\u00ebzoni sa m\u00eb shum\u00eb \u00e7do moment n\u00eb jet\u00ebn tuaj duke u [&hellip;]","og_url":"https:\/\/fredicomputers.al\/index.php\/rreth-nesh\/","og_site_name":"Shopic","article_modified_time":"2023-02-16T15:23:05+00:00","og_image":[{"url":"https:\/\/fredicomputers.al\/wp-content\/uploads\/2023\/02\/Untitled-design-16.png","type":"","width":"","height":""}],"twitter_card":"summary_large_image","twitter_misc":{"Est. reading time":"1 minute"},"schema":{"@context":"https:\/\/schema.org","@graph":[{"@type":"WebPage","@id":"https:\/\/fredicomputers.al\/index.php\/rreth-nesh\/","url":"https:\/\/fredicomputers.al\/index.php\/rreth-nesh\/","name":"Rreth Nesh - Shopic","isPartOf":{"@id":"https:\/\/fredicomputers.al\/#website"},"primaryImageOfPage":{"@id":"https:\/\/fredicomputers.al\/index.php\/rreth-nesh\/#primaryimage"},"image":{"@id":"https:\/\/fredicomputers.al\/index.php\/rreth-nesh\/#primaryimage"},"thumbnailUrl":"https:\/\/fredicomputers.al\/wp-content\/uploads\/2023\/02\/Untitled-design-16.png","datePublished":"2020-09-28T10:33:30+00:00","dateModified":"2023-02-16T15:23:05+00:00","breadcrumb":{"@id":"https:\/\/fredicomputers.al\/index.php\/rreth-nesh\/#breadcrumb"},"inLanguage":"en-US","potentialAction":[{"@type":"ReadAction","target":["https:\/\/fredicomputers.al\/index.php\/rreth-nesh\/"]}]},{"@type":"ImageObject","inLanguage":"en-US","@id":"https:\/\/fredicomputers.al\/index.php\/rreth-nesh\/#primaryimage","url":"","contentUrl":""},{"@type":"BreadcrumbList","@id":"https:\/\/fredicomputers.al\/index.php\/rreth-nesh\/#breadcrumb","itemListElement":[{"@type":"ListItem","position":1,"name":"Home","item":"https:\/\/fredicomputers.al\/"},{"@type":"ListItem","position":2,"name":"Rreth Nesh"}]},{"@type":"WebSite","@id":"https:\/\/fredicomputers.al\/#website","url":"https:\/\/fredicomputers.al\/","name":"Shopic","description":"Just another WordPress site","publisher":{"@id":"https:\/\/fredicomputers.al\/#organization"},"potentialAction":[{"@type":"SearchAction","target":{"@type":"EntryPoint","urlTemplate":"https:\/\/fredicomputers.al\/?s={search_term_string}"},"query-input":{"@type":"PropertyValueSpecification","valueRequired":true,"valueName":"search_term_string"}}],"inLanguage":"en-US"},{"@type":"Organization","@id":"https:\/\/fredicomputers.al\/#organization","name":"Shopic","url":"https:\/\/fredicomputers.al\/","logo":{"@type":"ImageObject","inLanguage":"en-US","@id":"https:\/\/fredicomputers.al\/#\/schema\/logo\/image\/","url":"https:\/\/fredicomputers.al\/wp-content\/uploads\/2020\/09\/logo.svg","contentUrl":"https:\/\/fredicomputers.al\/wp-content\/uploads\/2020\/09\/logo.svg","width":126,"height":42,"caption":"Shopic"},"image":{"@id":"https:\/\/fredicomputers.al\/#\/schema\/logo\/image\/"}}]}},"_links":{"self":[{"href":"https:\/\/fredicomputers.al\/index.php\/wp-json\/wp\/v2\/pages\/4911","targetHints":{"allow":["GET"]}}],"collection":[{"href":"https:\/\/fredicomputers.al\/index.php\/wp-json\/wp\/v2\/pages"}],"about":[{"href":"https:\/\/fredicomputers.al\/index.php\/wp-json\/wp\/v2\/types\/page"}],"author":[{"embeddable":true,"href":"https:\/\/fredicomputers.al\/index.php\/wp-json\/wp\/v2\/users\/1"}],"replies":[{"embeddable":true,"href":"https:\/\/fredicomputers.al\/index.php\/wp-json\/wp\/v2\/comments?post=4911"}],"version-history":[{"count":10,"href":"https:\/\/fredicomputers.al\/index.php\/wp-json\/wp\/v2\/pages\/4911\/revisions"}],"predecessor-version":[{"id":6865,"href":"https:\/\/fredicomputers.al\/index.php\/wp-json\/wp\/v2\/pages\/4911\/revisions\/6865"}],"wp:attachment":[{"href":"https:\/\/fredicomputers.al\/index.php\/wp-json\/wp\/v2\/media?parent=4911"}],"curies":[{"name":"wp","href":"https:\/\/api.w.org\/{rel}","templated":true}]}}